21
Let n be ((-27)/1)/(1 - 7/4). Let p(j) = 7*j**2 + 2*j + 10 - 7*j - j**3 + j**2. Let v be p(7). Calculate the highest common divisor of v and n.
12
Let b(i) = 20*i. Let l be b(3). Let n be ((-228)/(-240))/19 - (-76796)/80. What is the highest common factor of n and l?
60
Let o(p) = -43*p - 3. Let m be o(-1). Let d be 141 - 4*2/8. What is the greatest common divisor of d and m?
20
Let g(l) = 3*l + 6. Let j be g(6). Let c = -630 - -810. Suppose -8*p + 3*o = -3*p - c, -5*p = o - 180. What is the highest common factor of j and p?
12
Suppose 11*b - 1727 = -341. What is the greatest common divisor of b and 2898?
126
Let a = -122 - -122. Let o(m) = -m**2 - 3*m + 6. Let f be o(a). Let u be (-124)/(-3) + 4/f. Calculate the highest common factor of 6 and u.
6
Let d(l) = -2*l**2 - 8*l - 2. Let k be d(-3). Suppose -2*v + 275 = k*n - 7*v, 0 = 2*n - 2*v - 140. What is the greatest common factor of n and 3?
3
Let u(n) = n**3 - 3*n**2 - 7*n. Let j be u(5). Let v(z) = 179 + 115*z - 222*z + 113*z + 19. Let y be v(-32). What is the greatest common factor of j and y?
3
Let x = 4586 - 4551. What is the highest common factor of x and 1120?
35
Suppose -q = o - 7339, -4*o = -13*o - 3*q + 66081. Calculate the greatest common factor of 1088 and o.
272
Let x be (1836/20)/9*5. Let i(u) = -u**2 + 53*u - 75. Let o be i(x). What is the greatest common divisor of 1 and o?
1
Suppose 177*o - 162*o - 270 = 0. Let j be (-9)/((-9)/196) - -2. What is the highest common factor of j and o?
18
Let v be 160/14 + -18 + (-1040)/(-56). Calculate the highest common factor of 768 and v.
12
Let s = -3254 - -4185. What is the greatest common factor of s and 3059?
133
Suppose -2*l + 4*t = 0, -4*l - 3*t - 39 = 2*t. Let d(q) = 12*q**2 + 23*q + 16. Let f be d(l). What is the greatest common divisor of f and 124?
62
Let y = 13944 - 8225. What is the greatest common factor of 399 and y?
133
Let u(q) be the second derivative of -q**5/5 - q**3/6 - q**2 - 5*q. Let i be u(2). Let x = 70 + i. Calculate the greatest common factor of x and 136.
34
Suppose -12 = -9*i - 30. Let y = -14 - i. Let t(o) = -o - 2. Let d be t(y). Calculate the highest common divisor of d and 25.
5
Let i = 12492 + -12474. Let u be ((-14)/(-6))/((-2)/(-54)). What is the highest common factor of u and i?
9
Let f = -3258 + 3272. What is the greatest common divisor of f and 3934?
14
Let w be ((-69)/(-7))/(17007/277781). Let r = 55 - 32. What is the greatest common divisor of w and r?
23
Let w(d) = -d**2 + 25. Let j be w(5). Suppose 3*t - 269 - 427 = j. Calculate the greatest common factor of 29 and t.
29
Let d(y) = -y. Let h = -4 - 2. Let r be d(h). Suppose -4*a = -4*w + 132, a = -5*w + 21 + 126. Calculate the greatest common divisor of r and w.
6
Let y = 409 + -398. Suppose -4*t + 24 + 40 = 4*a, 2*a + 1 = t. What is the highest common factor of y and t?
11
Let b be 32000/375 + 2*((-9)/(-3))/(-18). What is the greatest common factor of 1241 and b?
17
Let r = -83 - -199. Suppose -3*t + 325 = -5*u, 4*t = u + u + 116. Let d = u + r. Calculate the greatest common divisor of d and 6.
6
Let n be -49 + 44 + (12 - -2). Suppose -2*p + 51 = -n. What is the highest common divisor of p and 555?
15
Let h be -1 - (-7)/(14/416). Suppose -2*c = 2, h = 5*l + 3*c - 385. Suppose -3*d = 4*d - l. What is the highest common divisor of d and 51?
17
Let z = 2287 + -1612. What is the greatest common factor of z and 25?
25
Suppose -13 = -0*g - g. Let t = -67850 - -67941. What is the highest common divisor of t and g?
13
Let v = -1326 - -2415. Let b = -1054 + v. Suppose -3*m = -0*m - 105. Calculate the greatest common divisor of b and m.
35
Suppose -1122*h + 1896 = -2064 - 6138. Suppose 0 = -0*v - v + 3. Calculate the highest common divisor of v and h.
3
Suppose o - 15 = -2*b, -11*b = 5*o - 6*b - 90. Let k(l) = 2*l**2 - 30*l + 128. Let y be k(o). Calculate the greatest common divisor of 20 and y.
20
Suppose 4*w - 2*l - 24476 = 0, -w + 6112 = 2*l + l. What is the highest common divisor of w and 115?
23
Suppose -4*s + 48 = 8. Let j(a) = 3*a**2 - 2*a - 36. Let n be 4/2 - ((-48)/(-2))/4. Let c be j(n). Calculate the greatest common divisor of c and s.
10
Suppose 183*v - 123*v = 600. What is the highest common divisor of v and 470?
10
Suppose 2*b = 5*k + 28, 49 = 5*b - 0*k - 2*k. Suppose -340 = b*j - 13*j. Let f = 92 - j. What is the highest common divisor of f and 28?
7
Let m = -3 + 16. Suppose 0 = -8*s - 2*s + 390. What is the highest common factor of s and m?
13
Suppose -4*h - 2*p = -144, 4*h - 84 - 46 = 5*p. What is the greatest common factor of h and 28?
7
Suppose 14*v - 14*v = 6*v - 6. Let n(y) = y**3 + 3*y**2 + 4*y + 4. Let f be n(-3). Let x = f + 17. What is the highest common factor of x and v?
1
Let s be 354 + (-9 + 10)*-9. What is the highest common factor of 45 and s?
15
Suppose 3*u - 3*y = 1368, -2*y = -1 + 11. Let d = u - 437. Let p be (-32)/(-6)*7*3. What is the highest common factor of d and p?
14
Let p be 1700/255 + (-4)/6 - -3. What is the highest common divisor of p and 81?
9
Suppose -61*f + 63*f = 4*k + 18104, -9050 = -f + k. Calculate the greatest common divisor of 416 and f.
104
Suppose -2*n - 22 + 262 = 0. Suppose 20*l - n = 14*l. Let b = -11 + 61. What is the greatest common divisor of l and b?
10
Let x = 72 - 52. Suppose -25*c + 21*c = -x. Let d be (1 - -1)/((-6)/(-15)). What is the highest common divisor of c and d?
5
Suppose 5 - 71 = -11*t. Suppose d + 2*d = -3*i + t, 22 = 2*i - 4*d. What is the greatest common factor of 25 and i?
5
Suppose q + 873 = 2*q. Suppose q = 4*f + 113. Suppose -65*g - 23066 = -672*g. What is the greatest common divisor of g and f?
38
Suppose -4*k = -g - 1267, 6*g = 11*k - 12*k + 298. What is the highest common factor of k and 1817?
79
Let i(r) = 5*r**2 + 189*r - 34. Let o be i(-38). Suppose 28 = o*k + 4*z, -5*k + 48*z = 43*z - 65. Calculate the highest common factor of k and 70.
10
Suppose 5*k + 0*k + 10 = 0. Let d be 35/21 + k/(-6). Let z be (d/(-5))/(-7 - (-139)/20). Calculate the highest common factor of z and 88.
8
Let x = -2021 - -2105. Calculate the greatest common factor of x and 4284.
84
Let n be (-126)/35*(-110)/4. Let f = 26 + -25. Suppose 0 = -w + f, -3*v + 5*w = -229 + 36. Calculate the greatest common divisor of v and n.
33
Let h = 2532 - 2042. Calculate the greatest common factor of 98 and h.
98
Suppose -39*o - 26*o + 1820 = 0. Calculate the greatest common divisor of o and 4564.
28
Suppose -5*m - 35 = -5*n, 2*n - 10*m + 9*m = 9. Suppose 4*d - 21 = -n*z + 19, 4*z - d - 44 = 0. What is the greatest common factor of 4 and z?
4
Let d be -10*(27/(-6) - -4). Let z be (d + -3 + 1)*29. What is the greatest common divisor of 29 and z?
29
Let f be (-266 + 0)*3/((-66)/77). What is the highest common divisor of 147 and f?
49
Suppose 4*g + 7*j = 10*j + 15, -5*g = -2*j - 17. Suppose -g*n + 9*t = 5*t - 143, 0 = -3*n + 5*t + 145. What is the highest common divisor of n and 105?
15
Let o(u) = -5*u**2 + 411*u + 358. Let p be o(83). Calculate the greatest common factor of 7358 and p.
26
Suppose -51 = -4*v - 3*o + 30, 2*v = -4*o + 38. Let x be (252/10)/((-3)/(-20)). What is the greatest common divisor of x and v?
21
Let f be 32/(-20)*(-20)/(-8). Let y be (f/(-12)*0)/1. Suppose -5*v + 413 - 143 = y. Calculate the greatest common factor of v and 6.
6
Let o be 9 - (-17)/((-221)/(-10023)). What is the highest common divisor of o and 1248?
156
Suppose -c - 1468*f + 1463*f = -188, 0 = -4*c + 5*f + 802. Calculate the highest common factor of 1134 and c.
18
Suppose 8*s - 6*s = -3*l + 320, -4*l + 2*s + 422 = 0. Let q = -90 + l. What is the highest common divisor of q and 72?
8
Suppose 100136 = 8*d - 143544. What is the greatest common divisor of d and 20?
20
Let r = -153624 + 154212. Suppose -5*j = -4*i + 23, 0 = 2*j - 11 + 1. Calculate the highest common divisor of i and r.
12
Suppose 77 = 4*b - 139. Let y = -40 - -18. Let n = b + y. Calculate the greatest common factor of n and 288.
32
Let m = -5 - 2. Let h be (-3 - (-6)/3)*m. Suppose -3*k + 7*j = 4*j - 24, -2*k = -5*j - 19. Calculate the highest common divisor of k and h.
7
Let u(w) = 3*w - 20. Let z be u(-9). Let n = -39 - z. Suppose -n*v = -3*v - 40. Calculate the greatest common factor of v and 40.
8
Let b(t) = t**2 - 15*t - 52. Let g be b(-5). Calculate the great